t common factor of 4 and n.
2
Suppose 4*u - 3*c = 283, 5*u + 0*c = 4*c + 354. Suppose -20 = -2*f - 0. Calculate the highest common factor of f and u.
10
Let u = 9 - 3. Let m = u - 3. What is the greatest common divisor of m and 3?
3
Suppose -2*q + 4*q = 18. What is the highest common factor of q and 99?
9
Suppose -4*q = -a + 119, 0*q - 5*a - 35 = q. Suppose r - 131 = -3*d, -2*d - 3*r = -d - 49. Let i = q + d. What is the greatest common factor of i and 65?
13
Suppose -4*k + 2 = -14. Suppose -6 = d - k*d - 2*x, -5*d + 10 = -x. Let s be 50 + (-1 - d/2). Calculate the greatest common factor of 12 and s.
12
Let t(i) be the first derivative of -i**3/3 + 6*i**2 + 14*i + 2. Let w be t(12). Calculate the highest common divisor of 7 and w.
7
Suppose -1380 = -2*w + 7*w. Let f = -161 - w. What is the greatest common factor of 23 and f?
23
Let r be (-2)/(-4)*(12 - 6). What is the highest common factor of r and 1?
1
Let g be -1*(-9)/(-12) - 71/(-4). Calculate the highest common divisor of 17 and g.
17
Suppose 0 = -3*j + 4*j - 5. Suppose j*z - 5 = 5. Calculate the greatest common factor of 18 and z.
2
Suppose -q + 1 = -2*z, -3*q = 3*z + 15 + 9. Let a be 21 + 1*(z + 6). What is the greatest common factor of a and 8?
8
Let d(i) be the first derivative of -3*i**4/4 - 2*i**3/3 - 1. Let v be d(-2). What is the highest common divisor of 64 and v?
16
Let g = 33 + -27. What is the highest common divisor of 66 and g?
6
Suppose v = 4*d + 2, 5*v = -0*v - d + 115. Calculate the highest common factor of 176 and v.
22
Let j be (42/12 - (-2)/(-4)) + 23. Calculate the greatest common factor of 26 and j.
26
Suppose -w + 7 = u, 4*u = 4*w + 3*u - 13. Suppose -y - 29 = -w*g, g + 4*y - 8 = 5*y. What is the greatest common divisor of g and 7?
7
Suppose r - 31 = 29. Let n = -1 + -1. Let j(w) = -w**3 - w + 2. Let a be j(n). Calculate the greatest common factor of a and r.
12
Let l = -180 - -189. Suppose 294 = 3*d + 4*z + 5, 0 = 2*d + 5*z - 188. What is the greatest common factor of d and l?
9
Suppose -5*y = -10*y + 120. Calculate the greatest common factor of y and 3.
3
Let h(z) = 24*z + 5. Let g be h(3). Calculate the greatest common factor of 11 and g.
11
Let j be (-12)/4 - (1 + (-44 - -2)). Calculate the highest common factor of 95 and j.
19
Suppose 0 = 3*v - 1 - 8. Let a be 2*(v + 33/6). Calculate the greatest common divisor of a and 34.
17
Let x = -111 - -165. Let h = x - 35. What is the highest common factor of h and 19?
19
Let k = 112 - 79. Let u be (-3952)/(-182) - 4/(-14). What is the greatest common factor of u and k?
11
Let l(j) = 12*j**2 - 8*j - 6*j**2 - 5 - j**3 + 8*j**2. Let t be l(13). What is the highest common factor of t and 12?
12
Suppose 0*x - 10 = 5*x. Let a be (-10)/((-1)/(-2) + 0). Let n be (a/(-2))/(x/(-4)). Calculate the highest common factor of n and 5.
5
Let z(a) = 10*a**2 - 2*a + 4. Let u be z(3). Let x be (-8)/(-6)*3*1. Suppose 5*g - 44 = -x. Calculate the greatest common factor of g and u.
8
Suppose 5*h + 4*k - 33 = 0, 5*h - 3*h - 3 = -5*k. Calculate the greatest common factor of h and 81.
9
Let f = 64 - 34. Calculate the greatest common divisor of f and 6.
6
Let l be 6/(-27) + (-490)/(-18). What is the greatest common factor of l and 3?
3
Let u = 7 - 4. Let f(w) = 2*w - 2. Let n be f(3). Suppose -n*h + 13 = 1. What is the greatest common factor of u and h?
3
Let m be (-228)/(-14) + (-6)/21. Let h = -37 - -53. Calculate the highest common factor of m and h.
16
Suppose -411 = -3*s + 2*a, 669 = 4*s + s + 2*a. Let b be 0/(-3 - (-3 - -2)). Let r = 15 + b. What is the highest common factor of r and s?
15
Suppose -4*t + 127 = 31. Let l = 39 - t. Calculate the greatest common factor of l and 6.
3
Let k(d) = -d**2 - 3*d + 4. Let q be k(-3). What is the highest common divisor of 12 and q?
4
Let f be (-1)/(-4) - 159/(-4). What is the greatest common divisor of f and 16?
8
Suppose 36 = 4*w - 0*w - 4*s, -3*s = -2*w + 23. Suppose -x - 4*j = -94, -w*x - x = 2*j - 452. Calculate the greatest common divisor of 10 and x.
10
Suppose -5*w + 113 = -3*x + 8, 0 = -w + 3*x + 33. Let j(s) = 23*s - 1. Suppose -3*l = -0 - 6. Let n be j(l). What is the greatest common factor of n and w?
9
Let v be (-11)/(-2) - (-9)/(-18). Let u(a) = a**3 - 3*a**2 + a - 7. Let t be u(v). What is the greatest common divisor of t and 16?
16
Suppose 3*r = -5*j + 68, 8 = -2*j + 3*j + 2*r. Suppose 4*s = j - 0. What is the highest common divisor of s and 1?
1
Let a = 17 - 32. Let o be (-4)/6*a/(-5). Let i = o + 3. Calculate the highest common divisor of 4 and i.
1
Let c(x) = -x**3 - x**2 + x. Let b be c(-2). Let a(l) = -l**2 - b*l**2 + 1 + 8*l**2. Let z be a(-1). Calculate the highest common divisor of z and 6.
6
Let k(x) = 4*x**2 + 8*x + 10. Let q be k(-5). What is the highest common factor of q and 35?
35
Let n = -23 + 48. Suppose 4*k - 5*i = -2*i + 27, -n = 5*i. What is the greatest common divisor of 9 and k?
3
Let u = 20 - 19. What is the highest common factor of u and 8?
1
Let k = 10 + -7. Suppose 6 = -k*v + 5*v. Suppose 4*d + 8 = 0, -v*n + 4*d - d = -21. What is the highest common divisor of 25 and n?
5
Let u be 2*-3*12/(-18). Let f be (3/(-2))/((-1)/u). What is the greatest common divisor of f and 15?
3
Let h be 0 + (2/(-2) - -19). Suppose s - h = -s. Let u = 703 - 604. What is the greatest common divisor of u and s?
9
Let x be ((-1)/(-2))/((-4)/24). Let y be 126/2 - (-9)/x. Let v = 0 + 24. What is the highest common factor of y and v?
12
Let f(a) = -168*a + 3. Let u be f(-1). What is the greatest common factor of 19 and u?
19
Let j(z) = -z**2 + 10*z + 2. Let c be j(10). Suppose -c*d = 2*d + 3*v - 24, 18 = 3*d - 5*v. What is the highest common divisor of 18 and d?
6
Let x be (36/(-7))/((-460)/112 + 4). Calculate the highest common factor of 6 and x.
6
Let i = 33 + -13. What is the highest common factor of 60 and i?
20
Suppose 16 = 4*q - 36. What is the highest common factor of q and 208?
13
Suppose 0 = u - 1 - 3. Suppose -u*c = -21 - 43. Suppose 4*y - 64 = 4*j, 2*y - 3*j = -5*j + c. Calculate the greatest common factor of 120 and y.
12
Suppose 0*q - 8 = q + g, -5*g - 28 = 2*q. Let o = -3 - q. Let j be (-3 + 0 + -1)*-1. Calculate the highest common factor of j and o.
1
Let i(b) be the third derivative of b**4/24 + 5*b**3/3 + 2*b**2. Let h be i(-6). What is the greatest common divisor of 2 and h?
2
Let n be 0 - (-5 - 1/(-1)). Suppose 0 = -3*z + n*j + 108, j + 49 = 5*z - 148. What is the greatest common divisor of z and 10?
10
Suppose -5*r + 5*y = -0*y - 430, -20 = 4*y. Calculate the highest common divisor of 9 and r.
9
Suppose -4*c + 5*q - 73 = -7*c, -4*q = 4. What is the highest common factor of 78 and c?
26
Suppose -2*c - 73 = 23. Let i be 50/15*c/(-5). Calculate the greatest common divisor of 4 and i.
4
Let d = -1 + 5. Suppose 0 = -6*i + 2*i + u + 13, i - u = d. Let k be (-167)/(-5) + 2/(-5). Calculate the highest common divisor of k and i.
3
Suppose -2*k - k + 212 = -4*c, 0 = -2*k + 5*c + 139. Let r = -4 + 22. What is the highest common factor of k and r?
18
Let f be 0 - 1/1 - -3. Suppose -f*t - 3 = -5*w, 7*w - 2*t = 5*w. What is the greatest common factor of 4 and w?
1
Suppose 0 = 2*s - 5*k + 51, 24 = -4*s - 2*k - 114. Let w = s + 105. What is the greatest common divisor of 9 and w?
9
Let m(k) = -k**3 + 7*k**2 + k. Let f be m(7). Suppose 5*h - 52 = -z, -3*z = -f*h + 4*h + 42. What is the highest common factor of h and 121?
11
Let o be -1 + 28/36 - (-10968)/27. What is the greatest common factor of 58 and o?
58
Let m be (4 - (-2)/(-2))/1. Suppose 4*g - 2*w - 95 = -m*w, -2*g - 5*w = -61. Suppose -3*z + g - 5 = 0. What is the highest common divisor of 42 and z?
6
Suppose -7 + 3 = -4*b. Let s be (-63)/6*-10 - b. Suppose 70 = 4*z + 18. Calculate the greatest common factor of z and s.
13
Let v(t) = 9*t**2 + 4*t + 2. Let u be v(-2). Suppose -5*r = 4*k + 2 - 13, 4*r = 2*k + 14. What is the greatest common factor of u and r?
3
Let n(p) = -p - 20. Let j be n(0). Let b = 70 + j. Let f(r) = -3*r - 1. Let q be f(-7). Calculate the greatest common divisor of q and b.
10
Let r be (-3)/(-1) + (0 - -1). Calculate the highest common divisor of r and 40.
4
Suppose -2*k - 2 = -f - 3, 4*f = 2*k + 2. Calculate the highest common factor of k and 3.
1
Let k = 11 + 0. What is the highest common factor of 11 and